
-7
What is (-1 - 4) + 11 - 5?
1
Evaluate 6 + -4 + (-2 - (-2 - 2)).
4
What is 0 + (-1 - (-5 - -5) - -6)?
5
What is the value of 10 - (4 - -1) - -2?
7
Calculate (8 - -1) + (-5 - (-5 + 4)).
5
What is 7 - 13 - (-9 + -1) - 4?
0
Evaluate 7 - (-2 - -3) - (6 + -8).
8
Evaluate -2 + 8 - (-1 + 12).
-5
0 - -5 - (5 - 2 - 1)
3
Calculate -1 + (2 - 1) + (-14 - -19).
5
Evaluate -13 + 29 + -14 + (-2 - 1).
-1
What is the value of -4 - (3 + -6 + -2 - 0)?
1
What is the value of 19 + -18 + (1 - 3)?
-1
Evaluate (-8 - (-2 + 1)) + 5.
-2
Evaluate -1 - (0 + (4 - 2) + -3).
0
What is 1 + -1 + -5 - -8?
3
What is -10 + 6 + (-1 - 2) - -3?
-4
What is 7 + 1 + -20 + 3 + 5?
-4
Evaluate 6 + 3 + -7 + 6.
8
Evaluate (-4 - -3) + -3 + -1.
-5
-7 + -1 + -22 + 25 + 4
-1
What is 2 - (1 - -2) - (-6 - -3)?
2
Calculate (0 - (-2 + 10)) + 5.
-3
Calculate 2 + 7 + (3 + -3 - 3).
6
What is 6 - (5 - 8 - -7)?
2
1 + (-3 - -4) + (11 - 13)
0
What is (-1 - (6 + -6 - -5)) + 2?
-4
What is (1 - 0 - 1) + (-14 - -10)?
-4
What is the value of 1 - (5 + 1 + -10 + 5)?
0
Calculate -2 - (-8 + 2) - (8 + 1).
-5
Evaluate 1 + 6 + (19 - (1 + 22)).
3
Evaluate (-7 - -4) + -2 - -2.
-3
Calculate 4 + (-6 + 10 - 5 - -4).
7
Calculate 36 - 34 - (1 - (1 + 0)).
2
What is -3 + -5 + -8 + 14?
-2
What is the value of 3 + (-1 - (1 - -1))?
0
4 - (3 + (-3 - 0))
4
Evaluate 2 + 0 - (-8 + 5 + 6).
-1
What is the value of 0 + (8 - 5) + -1 + -2?
0
Calculate (14 - 24) + 3 + 1.
-6
Calculate 35 - 29 - (-1 - -3).
4
-3 + -1 + 4 + 1
1
Calculate -3 + (3 - -11) + -9.
2
What is (-5 - (0 + 4) - -3) + 12?
6
Calculate 5 + (5 - -6) - 8.
8
What is (3 - 2) + (-3 - (-3 + 1))?
0
What is the value of -3 + 3 + 0 + (5 - 10)?
-5
16 + 0 + -6 - 5
5
Evaluate 6 + (4 - 11) + (-1 - -5).
3
Evaluate (-1 - 0) + 2 + (2 - 1).
2
What is the value of -29 + (-4 - -16) + 8 + 0?
-9
Calculate (1 - (-5 - -2) - 8) + -3.
-7
What is 3 + 2 + 13 + -13?
5
What is -7 - (-3 + 0 - 2)?
-2
Evaluate 7 - ((-2 - -4) + 6 + -6).
5
What is -2 - (7 + -8 - -4) - -1?
-4
What is the value of 1 + (7 - 5) - 13 - -6?
-4
What is the value of 3 - (0 - (0 - 0))?
3
What is the value of -2 + -1 - (6 - (-1 - -5))?
-5
Calculate (8 - (16 - 9)) + -8.
-7
What is (-10 - (-13 + 7)) + 9 + -12?
-7
(0 - -3) + (-3 - 1)
-1
What is (-4 - (4 + -8)) + (-6 - -3)?
-3
What is (-3 - (-1 + 0)) + 5?
3
Calculate 2 - (5 + -2) - 1.
-2
What is 3 + (0 + 4 - 4)?
3
What is the value of 7 + -2 + -6 + 1?
0
What is the value of 5 - (9 + -4) - (0 + -1)?
1
Calculate 1 + -9 - (-13 + 10).
-5
What is 3 + -4 - (-2 - 3)?
4
16 + (2 - 14) - (-3 + 0)
7
What is the value of -9 + (33 - 20 - (1 + 5))?
-2
Calculate -9 + -2 + 6 + 0.
-5
What is the value of -19 + 10 - (-2 + -18)?
11
What is (-6 - (-3 + 2)) + 6 + -6?
-5
Evaluate -7 + 13 - 6 - (2 + -1).
-1
What is the value of -12 - (19 + -11 - 10)?
-10
What is the value of -28 + 28 - (2 + -8)?
6
What is the value of 4 - (-3 + 3 - 1)?
5
What is the value of 7 - (3 + 2 + (0 - 3))?
5
What is the value of (10 - 9) + (-2 - -3)?
2
Calculate -10 + 3 + 6 + -8 + 6.
-3
Calculate (-3 - 1) + 0 + 7.
3
Evaluate 1 + 2 - (0 + 8).
-5
What is the value of (16 - 12 - (6 + -2)) + 2?
2
Evaluate -4 + (-7 - -2) + 4.
-5
Evaluate (-3 - -7) + (-5 - -6).
5
What is (-2 - (-10 + (-1 - -5))) + 2?
6
Calculate (0 + -3 + 4 - 2) + 5.
4
2 - 3 - (-2 - -3 - 3)
1
4 - (2 - (-2 + 1))
1
1 - (7 - (7 + 2))
3
Calculate 1 + (-4 - (-6 + -1)).
4
What is the value of -8 + (-2 - 6) + 8?
-8
(-3 - 2) + -2 + (3 - 1)
-5
What is the value of (-3 - -3) + 0 + 1?
1
(3 - 11) + (3 - -2)
-3
Calculate -3 - (-5 - (-4 - 0)).
-2
What is -1 - ((6 - 8) + 5)?
-4
Calculate 3 - -1 - (-42 - -51).
-5
Calculate -1 + -3 + 1 - (-1 - 6).
4
Calculate -8 + 1 + -3 - -12.
2
What is (-3 - 2) + (2 - 0) + 3?
0
What is -2 + (4 - (3 + 1) - 2)?
-4
(3 - (-3 + 6)) + (3 - 4)
-1
-1 + 1 + 16 - (-897 + 903)
10
What is (2 - 0 - 3) + (-69 - -73)?
3
Evaluate (5 - (-4 + 5)) + -2 + 0.
2
What is the value of -3 + 9 + (-19 - -21) + -14?
-6
What is the value of -5 + (1 - (-12 + 6))?
2
Evaluate 3 + -1 - (-1 - 2).
5
What is the value of (1 - -3) + (-3 - 1)?
0
(53 - 47) + -12 + 2
-4
Calculate -15 + 18 - (0 + 2).
1
What is the value of -4 + 3 + 4 + 1?
4
Evaluate (-5 - -1) + 9 - 4.
1
Evaluate -3 - (-1 + 4 - (0 - -1)).
-5
Calculate 2 - -4 - (14 - 12).
4
(1 - 1 - 2) + (-12 - -14)
0
What is 1 + (2 - 4) + -21 + 27?
5
-5 - (1 - (-4 + 5 - -5))
0
Calculate (-18 - -20) + 4 + -7 + -3.
-4
What is 3 + -2 + (2 - 3)?
0
(2 - -12) + 8 + -17
5
Evaluate 0 - -2 - (0 - 1 - -1).
2
What is 2 + -3 + (4 - 7)?
-4
What is 16 - 28 - (-2 - 3)?
-7
Evaluate (-16 - -11 - 2) + 16 + 1.
10
Calculate 1 - ((9 - 5) + -3 + 3).
-3
What is the value of (-1 - 0) + 13 + -6?
6
Evaluate (0 - 6) + 4 + 3 + 1.
2
Evaluate 16 - 4 - (-5 - -11) - 6.
0
What is 1 + (1 + 1 - (12 - 15))?
6
What is -6 + (1 - (4 - 2) - -2)?
-5
What is the value of 7 - (10 - 4) - (1 - 2)?
2
What is the value of 272 - 279 - ((0 - 1) + 2)?
-8
What is the value of -2 + 5 - 4 - -3 - 1?
1
What is 6 - (-6 + (1 - -11)) - 2?
-2
What is -5 + (3 - 11 - -6)?
-7
What is 16 + -16 + 2 + (0 - 3)?
-1
What is the value of 5 + -4 + (0 - -5) + 1?
7
What is (6 - -2 - 3) + -5?
0
Evaluate -2 + 6 + (1 - 4).
1
What is -4 + 10 + (1 - 4) + -2?
1
What is the value of -3 + 0 + 3 + (0 - 1)?
-1
What is the value of -64 + 64 - (2 - 4 - -1)?
1
Calculate -3 + -4 - (-7 + 1).
-1
What is (4 - 4) + -1 - 4?
-5
What is the value of -7 + 9 + (-4 - -2) + 0?
0
What is 9 - 2 - (0 + 7)?
0
Evaluate -9 + (-9 - -20 - 2).
0
Evaluate (-3 - -10) + (62 - 69).
0
What is the value of -2 + -3 + 8 + -5 + 0?
-2
What is -4 + 2 + (-4 - -5) + 4?
3
What is (1 - 0) + 1 - (-36 - -37)?
1
What is the value of -1 - ((-2 - 5) + 6)?
0
Calculate 64 + -61 + (-7 - (0 - 1)).
-3
What is (-1 - -3) + (-12 - -17)?
7
Evaluate -10 + 4 - (3 - 4).
-5
Evaluate (2 - (5 - 2)) + -5.
-6
Calculate -3 + 0 + -5 - -5.
-3
Calculate 98 + -111 - (-8 + (2 - 2)).
-5
Evaluate 2 + (-3 - 2) - -6.
3
Calculate (4 + -6 - -5) + -3.
0
1 - 3 - 13 - (-21 - -16)
-10
Evaluate 7 - 5 - (-1 + 3 + -1).
1
What is -3 - (2 - (-5 - -8))?
-2
What is the value of 48 + -54 + (10 - 1)?
3
What is the value of -2 + 9 + 1 + 1?
9
What is -3 + (1 + -1 + 0 - -4)?
1
What is (10 - 5) + 0 - 3 - 5?
-3
Calculate -2 + 3 + 0 - -3.
4
Evaluate 1 - 4 - 0 - (-5 - -1).
1
What is -6 - -12 - 12 - -11?
5
2 + (0 - (-5 + 0) - 14)
-7
-5 - (-3 + 2 + -1)
-3
Calculate 1 + -12 - (-2 + 8 + -10).
-7
What is the value of 4 - (6 + -8 + 0 + 10)?
-4
Calculate -4 - (10 - 28 - -7).
7
Calculate -2 + (3 - 2) - (3 + 0).
-4
What is the value of -1 - (-8 + 4 - -5)?
-2
What is -7 + 7 + 0 + 0 - 0?
0
What is (-3 + 2 - (-2 - 0)) + 1?
2
What is (-19 - (-25 - -17)) + -1 + 8?
-4
Calculate 10 + -18 - -5 - (1 + -3).
-1
What is 6 + -5 + -5 + 2?
-2
What is the value of (1 - 0 - 2) + 1?
0
Evaluate (3 - (0 - 0)) + -5 + 0.
-2
What is the value of 5 + -7 + 5 - (-1 - 1)?
5
Calculate 2 - (5 + -2 + (-1 - -1)).
-1
(-13 + -4 - -4) + 4 - -3
-6
Calculate 0 + -1 - -4 - (19 - 15).
-1
Calculate (1 - 2) + (-9 - -4) + 3.
-3
What is (7 - 1) + (20 - 32)?
-6
What is 8 + -19 + (5 - -4)?
-2
What is 5 + -4 + (2 - (0 - 2))?
5
Calculate -3 + -8 + (-11 - -4 - -8).
-10
Evaluate (-4 - 4) + 13 + -6.
-1
(12 - 26) + 12 - -10
8
Calculate (-2 - (0 + -1)) + (-13 - -19).
5
What is (-1 - (-3 - 2)) + -4 + 0?
0
8 - 8 - (-1 + 3) - -3
1
Calculate -4 - (-10 + 10 - 14).
10
What is the value of -6 + (0 - 1) + 5?
-2
What is the value of -7 - (-3 + (-4 - (1 + -4)))?
-3
What is the value of 5 + -2 + -2 - (-19 - -20)?
0
Calculate (-6 - (-1 - 2)) + -2 + 8.
3
(2 - 2) + (-1 - (8 + -7))
-2
Evaluate -3 + 7 + 2 + 2.
8
Evaluate -3 + (3 - (-5 - -1) - 3).
1
Calculate -4 + 1 + -22 + 23.
-2
Evaluate 14 - (2 + -7 + 13).
6
2 + (3 - (14 - 4))
-5
Calculate 21 + -16 + (-3 - -3).
5
What is the value of -6 - (10 + -12 + -8)?
4
Calculate -10 + (17 - 12) - (-1 + -8).
4
Calculate 10 + -1 + -1 + -4.
4
What is the value of 11 - 13 - (-3 - 5 - -4)?
2
What is -2 + 2 + 4 + -7?
-3
Calculate -3 + 4 + -1 + (3 - 1).
2
Calculate 1 + 2 - (9 + -9).
3
Calculate -1 + (-4 - (-8 + 3)).
0
(1 + 0 - -2 - 7) + 5
1
61 + -65 + 5 + -1
0
Evaluate -2 - -3 - (0 + 0 + -2).
3
What is -6 + -1 + -3 + -1 - -2?
-9
Calculate -1 - (-2 - (0 - 2)).
-1
(1 - 0 - -1) + (-8 - -5)
-1
Calculate -54 - -49 - (-5 - 0).
0
3 - (3 + (-7 + 13 - 14))
8
What is the value of -4 - ((1 - -3) + -2)?
-6
9 - (-6 + 5 + 3)
7
Calculate -1 + -1 - (0 + -4) - -2.
4
W